
Does 72 divide 63603246?
False
Is 17 a factor of 133767186?
True
Is 489 a factor of 54244366?
False
Does 98 divide 4196007?
False
Is 1171019460 a multiple of 1599?
False
Is 144858136 a multiple of 1127?
False
Is 9 a factor of 54656820?
True
Is 23 a factor of 225882868?
False
Is 8 a factor of 3483449?
False
Does 65 divide 553667270?
True
Is 1292 a factor of 699353140?
True
Is 485054997 a multiple of 797?
True
Does 2100 divide 312582443?
False
Is 721144252 a multiple of 55?
False
Is 712 a factor of 37721048?
True
Does 8 divide 12967792?
True
Is 715 a factor of 420229134?
False
Is 4 a factor of 22451949?
False
Is 194 a factor of 128227598?
True
Does 48 divide 298154011?
False
Is 1727 a factor of 24699063?
False
Is 401 a factor of 2900269392?
True
Is 3716036172 a multiple of 85?
False
Does 97 divide 235810900?
False
Does 63 divide 9411066?
True
Does 108 divide 12076128?
True
Is 180464674 a multiple of 12?
False
Is 32 a factor of 2552573?
False
Is 14 a factor of 112690097?
False
Is 3 a factor of 5965680?
True
Is 71 a factor of 11334014?
True
Does 94 divide 160519100?
True
Is 1386602750 a multiple of 74?
True
Is 1141857 a multiple of 3?
True
Does 100 divide 731481763?
False
Is 42 a factor of 192535494?
False
Is 25 a factor of 797051835?
False
Is 18 a factor of 208412533?
False
Is 1239 a factor of 107497124?
False
Is 463791909 a multiple of 14?
False
Is 59 a factor of 1367537459?
True
Is 159328611 a multiple of 435?
False
Is 93991792 a multiple of 1321?
True
Does 38 divide 650366964?
False
Does 20 divide 76537336?
False
Is 59 a factor of 79167970?
True
Does 1555 divide 3207965?
True
Does 124 divide 409961112?
True
Is 58895820 a multiple of 969?
True
Is 162802824 a multiple of 1016?
True
Is 183 a factor of 13021517?
False
Does 597 divide 170469171?
True
Is 782569416 a multiple of 38?
True
Does 12 divide 2194477836?
True
Is 7 a factor of 45116428?
True
Is 249 a factor of 114669986?
False
Is 687 a factor of 14908587?
True
Is 272 a factor of 1220717776?
True
Does 3743 divide 2903535?
False
Is 10 a factor of 28565330?
True
Is 120514478 a multiple of 7?
True
Is 172738464 a multiple of 2702?
False
Is 1609 a factor of 889162322?
False
Is 49 a factor of 4027273023?
False
Is 7973825 a multiple of 13?
False
Is 23469184 a multiple of 64?
True
Is 171231672 a multiple of 524?
True
Does 5497 divide 799208830?
True
Does 196 divide 1179624236?
True
Is 198 a factor of 3158948?
False
Is 6017436422 a multiple of 34?
False
Does 502 divide 5278028?
True
Does 34 divide 69276565?
False
Is 1988 a factor of 2115232?
True
Does 91 divide 514637123?
True
Does 183 divide 300670098?
True
Is 96 a factor of 109038240?
True
Is 667515059 a multiple of 7211?
True
Is 98534328 a multiple of 4567?
False
Is 840560280 a multiple of 20?
True
Does 550 divide 77330403?
False
Is 15 a factor of 99209835?
True
Is 30 a factor of 37017060?
True
Is 51 a factor of 1053044559?
False
Is 1443205103 a multiple of 8?
False
Is 65615074 a multiple of 446?
True
Does 51 divide 2943210?
True
Is 32 a factor of 143787424?
True
Is 5 a factor of 1837878?
False
Is 128046737 a multiple of 169?
True
Is 59 a factor of 15128426?
True
Is 1021 a factor of 127283302?
False
Is 532 a factor of 2536228604?
True
Is 1195 a factor of 16285773?
False
Is 155 a factor of 844759595?
False
Is 1102291255 a multiple of 3876?
False
Is 28 a factor of 2870148204?
True
Is 86 a factor of 130759528?
False
Does 828 divide 4833579996?
True
Does 49 divide 142903306?
True
Does 5 divide 182530250?
True
Does 142 divide 3422063477?
False
Does 176 divide 75039360?
True
Does 9 divide 249386580?
True
Does 114 divide 16029996?
True
Does 21 divide 41718966?
False
Is 59 a factor of 294223029?
True
Is 292 a factor of 32996?
True
Does 5 divide 90869605?
True
Is 1340247840 a multiple of 6690?
True
Is 76766523 a multiple of 1851?
True
Is 6944060 a multiple of 530?
True
Does 363 divide 1760518419?
True
Is 36 a factor of 86958218?
False
Does 25 divide 4465450?
True
Is 4476 a factor of 148037707?
False
Is 482138416 a multiple of 148?
True
Does 5 divide 148805755?
True
Does 264 divide 63850248?
True
Is 5242442 a multiple of 95?
False
Is 27 a factor of 138722382?
True
Is 42 a factor of 25181646?
True
Is 68 a factor of 7403730?
False
Is 4770212958 a multiple of 783?
True
Does 330 divide 1011826860?
True
Does 1685 divide 493118620?
True
Does 230 divide 29500554?
False
Does 45 divide 26847495?
True
Is 234 a factor of 200979317?
False
Does 16 divide 156705792?
True
Does 82 divide 2216132?
True
Is 37 a factor of 1113226289?
True
Is 5196253118 a multiple of 14?
True
Is 20 a factor of 5615351?
False
Is 109908796 a multiple of 46?
False
Does 7 divide 25290909?
True
Does 2527 divide 1299694221?
True
Is 59831550 a multiple of 388?
False
Is 255 a factor of 88337610?
True
Is 60809909 a multiple of 98?
False
Is 13968306 a multiple of 3?
True
Is 101432183 a multiple of 17?
True
Is 451 a factor of 31973980?
False
Is 1767 a factor of 54390027?
True
Is 663952601 a multiple of 830?
False
Is 12 a factor of 172475452?
False
Does 1267 divide 5686050?
False
Is 355586860 a multiple of 313?
False
Is 33 a factor of 128524308?
True
Is 14 a factor of 1392932504?
False
Is 118855650 a multiple of 30?
True
Is 514847200 a multiple of 1780?
True
Does 62 divide 7046258?
False
Is 129 a factor of 136878614?
False
Is 40448578 a multiple of 3?
False
Is 1390 a factor of 70610610?
True
Is 34 a factor of 15878510?
True
Is 14 a factor of 36131662?
True
Is 378 a factor of 5214510?
True
Is 24986940 a multiple of 262?
True
Is 760987575 a multiple of 135?
True
Does 657 divide 655782908?
False
Does 974 divide 6344636?
True
Is 114335484 a multiple of 138?
True
Is 55 a factor of 17245030?
True
Is 11816020 a multiple of 1184?
False
Does 2512 divide 40784009?
False
Is 73 a factor of 30282698?
False
Is 23630811 a multiple of 9?
False
Is 2463 a factor of 145600245?
True
Is 483534894 a multiple of 82?
True
Does 1114 divide 706833536?
False
Does 39 divide 106583618?
False
Does 44 divide 4300038363?
False
Does 683 divide 97730150?
False
Is 19911450 a multiple of 26?
True
Does 4 divide 86550840?
True
Does 30 divide 1024868310?
True
Is 21 a factor of 62410068?
True
Is 1527471 a multiple of 33?
True
Is 57 a factor of 40509254?
False
Is 739561200 a multiple of 14?
True
Does 662 divide 43067463?
False
Is 121544384 a multiple of 421?
True
Does 551 divide 29886897?
False
Is 625 a factor of 2294607191?
False
Is 44 a factor of 228773737?
False
Is 204144017 a multiple of 20?
False
Is 17688112 a multiple of 2456?
True
Does 2443 divide 2533345940?
False
Does 126 divide 54309002?
False
Does 10 divide 47093423?
False
Does 5 divide 34996745?
True
Is 10 a factor of 217038249?
False
Does 890 divide 5293324?
False
Is 1004 a factor of 73533964?
True
Is 9415780 a multiple of 169?
False
Is 15 a factor of 50997915?
True
Does 1418 divide 286627430?
True
Is 14235796 a multiple of 217?
False
Is 5619521 a multiple of 18?
False
Is 562945224 a multiple of 318?
True
Is 246804068 a multiple of 64?
False
Is 16 a factor of 20239664?
True
Is 4 a factor of 104451582?
False
Is 12453 a factor of 48644490?
False
Does 1283 divide 28667640?
False
Is 40 a factor of 15823800?
True
Is 5958549016 a multiple of 3268?
False
Is 17224296 a multiple of 30?
False
Is 40 a factor of 299472520?
True
Is 15027804 a multiple of 198?
True
Is 424622471 a multiple of 2831?
False
Does 17 divide 86059916?
True
Is 673447143 a multiple of 438?
False
Does 74 divide 123612244?
False
Is 116912441 a multiple of 2?
False
Is 51114748 a multiple of 278?
True
Is 2979428 a multiple of 788?
True
Does 41 divide 388429695?
True
Is 20 a factor of 185561480?
True
Does 14 divide 12589447?
False
Does 9 divide 1312139527?
False
Is 747 a factor of 1682244?
True
Does 241 divide 16043358?
False
Is 398 a factor of 5250814?
True
Is 240728316 a multiple of 18?
False
Is 2670 a factor of 30920759?
False
Does 9877 divide 4022674929?
True
Does 3207 divide 123844719?
True
Is 16945095 a multiple of 15?
True
Does 71 divide 24000556?
True
Is 80 a factor of 5066800?
True
Is 115 a factor of 36156662?
False
Does 3077 divide 279031840?
False
Is 429 a factor of 11886936?
False
Is 70814112 a multiple of 2190?
False
Is 121 a factor of 16841748?
True
Is 320169861 a multiple of 12?
False
Is 505 a factor of 130